et i(g) = -7*g**3 + 24*g**2 - 2*g - 9. Let u(t) = -12*t**3 + 44*t**2 - 3*t - 17. Let s(d) = -5*i(d) + 3*u(d). Give s(12).
6
Let d be 336/32*(-8)/(-6). Suppose -63 = 5*r - 2*o, -4*r - 48 = d*o - 18*o. Let j(b) = -b**2 - 12*b + 11. What is j(r)?
-2
Suppose 2208*c = 2240*c - 96. Let v(x) = -x**3 + 5*x**2 - 10*x + 7. What is v(c)?
-5
Let i(p) = p**3 + p**2 - 2*p + 3. Let f be i(0). Let q(a) = -6 + 4 + 12 + a + 1 - f. What is q(-15)?
-7
Let l(f) = -3*f + 12. Let d(p) be the third derivative of -p**4/6 + 5*p**3/2 - 2*p**2 + 48*p. Let x(v) = -5*d(v) + 6*l(v). Calculate x(9).
15
Let p = 1523 + -1483. Let z = 55 + -102. Let m = p + z. Let v(x) = x + 3. Calculate v(m).
-4
Let z be (2 - 0)*(-1 + 10). Let p(d) = 3 + 14*d**2 - z*d**2 - 2 - d - 9*d**2. Let h be (-6)/(-4)*(-4)/(-6). Determine p(h).
-13
Let l be 4/(-20) + 48/(-10). Let u(a) = -2 + 13*a**2 - 2*a**2 - a**2 - 6*a**2 - 5*a**2 - 6*a. What is u(l)?
3
Let r be 7*(-10)/14*1. Let p(a) = -4*a - 1. Let f(o) = 3*o + 1. Let t(m) = -5*f(m) - 4*p(m). Calculate t(r).
-6
Let j be 24/(3312/1817) - 13. Let y(l) be the second derivative of 0*l**2 + j*l**3 + 0 + 36*l. Calculate y(-6).
-6
Let l(p) = -p**2 + 6*p + 71. Let n be l(-6). Let u(h) = 69*h + 4. Determine u(n).
-65
Let n = 114 - 40. Suppose 12*t = -n + 14. Let g(v) = -v**2 - 2*v + 3. Determine g(t).
-12
Let v = 13233 - 13227. Let s(l) be the first derivative of -l**4/4 + 2*l**3 - 3*l + 5. Calculate s(v).
-3
Let p be (8 - 1/(12/204)) + 7. Let o(w) = -w**3 - 2*w**2 - 13*w - 21. Give o(p).
5
Let p(b) = -41*b - 5. Suppose -22241*d + 22236*d + 5 = 0. Give p(d).
-46
Let v(s) = 2*s - 4. Let w(t) = -t**2 + 22*t - 10. Let f(q) = 4*v(q) - w(q). Calculate f(9).
-51
Suppose 0 = l - 19 - 10. Let y = l - 33. Let r(i) = 87*i - 168*i + 82*i. Calculate r(y).
-4
Let m(u) be the first derivative of -u**3/3 - 7*u**2/2 + 53*u + 7906. What is m(0)?
53
Let x be 6/(0 - -3) + (-1 - -2). Let n(r) = r + 1 - x*r + 553*r**2 - 552*r**2. Suppose 0 = 5*p - 25, 0*b + 37 = 3*b + 5*p. Calculate n(b).
9
Suppose -6*n = -n. Let l(y) be the second derivative of -y**5/20 - 8*y**2 - 404*y. What is l(n)?
-16
Let o be (3 - 1)/(-3 + 5 + -1). Let h(f) = 2 - 36*f**3 + f**o - 3*f + 35*f**3 + 6*f**2. Calculate h(6).
20
Let r = -21752 + 21711. Let h(g) = -g**3 - 43*g**2 - 81*g + 42. What is h(r)?
1
Let i(z) be the third derivative of -z**5/30 + z**4/12 - 2*z**3/3 - 2*z**2 - 362*z. Determine i(3).
-16
Let d(u) = 2*u**2 + 36*u + 94. Let y be d(-15). Let i(a) be the second derivative of -a**5/20 + a**3/3 + 3*a**2/2 - 2*a. Determine i(y).
-53
Let j(p) = -p**3 - 10*p**2 - 25*p - 7. Suppose -79*m + 5*d = -78*m - 39, 69 = -4*m - 5*d. Determine j(m).
-1
Let i(u) be the second derivative of u**3/3 + 2*u**2 + 2*u + 44. Let x(g) = 2*g - 13. Let h be x(6). Let t be (4 - (h + 4))*-3. Determine i(t).
-2
Suppose 5*u + 20*x = 16*x - 95, -5*u - 2*x - 85 = 0. Let i(t) = 4*t**2 + 56*t - 58. Calculate i(u).
2
Let q(d) = -7 + 1002*d - 503*d - 495*d. Let n(x) = -x + 1. Let l(j) = 5*n(j) + q(j). What is l(2)?
-4
Let c(w) = 8*w - 1. Let n(q) = -81*q**3 + 2*q**2 + 36*q**3 + 33*q**3 - 4 + q. Let i be n(2). Let f = 89 + i. Calculate c(f).
-9
Suppose 157*t + 1040 = 170*t. Let b = 80 - t. Let c(a) = -a**3 + a**2 + 9. Calculate c(b).
9
Suppose -39 + 33 = -s + 3*z, 7*s = -4*z - 8. Let y(o) be the third derivative of 0*o + s*o**3 - 1/4*o**4 + 0 - 25*o**2. What is y(1)?
-6
Let m(q) = -q**3 + q**2 - 3*q - 45. Let v(j) = 3*j**3 + 7*j + 100. Let r(z) = 5*m(z) + 2*v(z). What is r(-4)?
-5
Let f(r) = -r**3 - 3*r**2 + 6*r + 4. Suppose 25 - 37 = -6*b. Suppose -4*y + 5*t = 3*t + 20, -3*y = b*t + 8. What is f(y)?
-4
Let m(o) = -9*o - 25. Let p be (2 + (-14)/6)*9 - 3. Let q(w) = 5*w + 13. Let v(r) = p*m(r) - 11*q(r). What is v(8)?
-1
Let j(w) = -w**2 + 16*w - 66. Suppose 181*m = 143*m - 24 + 366. What is j(m)?
-3
Let c = -2 + 3. Let h(z) = -1 + 13*z**2 - 22*z**2 - 5*z + 59*z - 52*z. Give h(c).
-8
Let j(g) = -g + 73. Let q(o) = -5*o + 321. Let r(a) = -4*j(a) + q(a). Determine r(27).
2
Suppose -g - 8 = -4*o, 2*o - 20 + 14 = g. Let b be -10*(16/(-10))/4. Let c(f) = -3*f**2 - 2 - 3 + 0 + b - f**3. Determine c(g).
15
Suppose 4 = 3*b + 19. Let a be (-209)/(-95) + 1*1/b. Let o(g) = 11*g + 8 - 20*g**a + 19*g**2 - 6*g. Give o(7).
-6
Let u = 28 - -512. Let x be (10/(-6))/(-3*3/u). Let v(y) = x*y + 98*y - 3 - y**2 - 194*y. Calculate v(2).
1
Let n(j) = -31*j**3 - j + 1. Let o = 619 + -945. Let y = o - -327. Calculate n(y).
-31
Let p(h) = -h**3 - 6*h**2 + 62*h + 334. Let f be p(-5). Let x(a) = 3. Let w(k) = -3*k + 6*k**3 - 5*k**3 - 4 + 3*k. Let g(c) = -3*w(c) - 4*x(c). Give g(f).
3
Let s(r) = r**2. Let j(n) = 3*n**2 + 5*n - 1. Let q(a) = j(a) - 4*s(a). Suppose 4*h = -3*h + 14. Suppose c - 29 = -5*v, -4 = -2*v + c + h. Calculate q(v).
-1
Let j(n) = 1 - 1010*n + 1010*n - 8*n**2. Let q(m) = -3*m**2 + m + 1. Let a(y) = j(y) - q(y). What is a(-1)?
-4
Let m(t) = -8*t - 109. Let c be m(-11). Let s(p) be the third derivative of p**4/12 + 6*p**3 + 48*p**2. What is s(c)?
-6
Let v(o) be the first derivative of -o**3/3 + 7*o**2 - 16*o - 2531. What is v(8)?
32
Let j(d) = -3*d - 10*d - 5273 + 8*d**3 + 5271 + d**2 - 7*d**3 + d. Calculate j(-4).
-2
Let h(u) = 3*u + 89. Let i be h(-32). Let t(c) = -8*c - 62. Determine t(i).
-6
Let c(v) = -3*v**2 + 1. Suppose 5*g + 3*l = 310, -2*g - 5*l = -g - 84. Let p = g + -56. Suppose 6 = -2*y + 4*q, -p*y + 3*q - 3 = -0*y. Calculate c(y).
-2
Let c(n) = -n**3 - 3*n**2 + 2*n + 3. Let z(t) = -12*t + 60. Let m be z(7). Let b(i) = -i**3 - 25*i**2 - 24*i - 3. Let f be b(m). Determine c(f).
-3
Let z(u) = -u**2 - 14*u - 30. Suppose 9 = 181*g + 1878 + 846. Calculate z(g).
-45
Let k(l) = -9*l**3 - 4*l**2 - 44. Let f(z) = -22*z**3 - 8*z**2 + z - 90. Let p(w) = -2*f(w) + 5*k(w). Determine p(-5).
-5
Let t(g) = -g - 3 + 17 + g**2 + g**3 + 3*g**2 - 14 - 8. Determine t(-4).
-4
Let p(g) = 289*g**3 - 19*g**2 + 322*g - 4. Let b(d) = 145*d**3 - 10*d**2 + 172*d - 2. Let t(l) = -15*b(l) + 8*p(l). What is t(-1)?
-137
Let v be ((2 + 0)*(-195)/(-40))/((-61)/(-244)). Let l(t) be the first derivative of 0*t - v - 1/2*t**2. Give l(-3).
3
Let m(a) = 0*a**2 + 6*a**2 + 11*a**2 - 2*a - 4*a**2 - 5*a**2. Let l = -115 - -116. Calculate m(l).
6
Let l(w) = 1661 + 7*w + 1480 - 3042. Calculate l(-10).
29
Let s(w) = w**3 + 17*w**2 + 15*w - 4. Let h = -615 - -599. What is s(h)?
12
Let q(r) = r - 19. Let z be q(21). Let x(h) = -169*h + 81*h + 84*h + 2*h**z. Give x(3).
6
Let c(s) = -s**2 - 7*s. Let j(u) = -u + 6. Let n be j(7). Let k(d) = -25*d**3 - 3*d**2. Let a be k(n). Let v = -28 + a. Determine c(v).
6
Let m = 38 - 43. Let g(t) = -19*t - 10. Let x(d) = 7*d + 4. Let s(p) = -4*g(p) - 11*x(p). Determine s(m).
1
Let x be (3*(-12)/10)/(1/((-70)/28)). Let o(v) = -v**3 + 10*v**2 - 2*v - 8. What is o(x)?
55
Let b(x) be the third derivative of -x**8/6720 + x**7/840 - x**6/720 - x**5/40 + 47*x**4/24 + 91*x**2. Let o(w) be the second derivative of b(w). What is o(3)?
-6
Let z(c) = c**2 + 5*c + 4. Let r = 443 + -446. What is z(r)?
-2
Let t(g) = 3*g**3 + 63*g**2 - g - 18. Let i be (-4)/10 - (-9)/(225/(-515)). What is t(i)?
3
Let q be 23/((-69)/6)*(0 - -4). Let v(f) = f**2 + 12*f + 13. Calculate v(q).
-19
Let v(u) be the second derivative of 0 - 1/120*u**5 - 3/8*u**4 + 0*u**2 - 20*u + 17/6*u**3. Let g(k) be the second derivative of v(k). Calculate g(-6).
-3
Suppose -2*v - 53 = 3*z - 6*z, 4*v - 44 = -4*z. Let l(f) = f**2 - 3*f - 4. Let c be l(-3). Let u = z - c. Let o(y) = -10*y**2 - y. Determine o(u).
-11
Suppose 0 = 4*x - 3*t - 35, 3*t = 3*x + 5*t - 5. Suppose 23 = 6*f - 19. Let o(v) = 4*v + f + 1 + 7 - 21. Calculate o(x).
14
Let h be (3 + 3 + -2 + 3)*(-108)/126. Let v(a) = -3*a**2 - 7*a - 5. Calculate v(h).
-71
Let x(k) = 3*k**3 + 4*k**2 - 9*k - 4. Let y(p) = -p**3 - p**2 - 1. Let w(a) = x(a) + 2*y(a). Suppose -3*c - 126 = -l - 115, -4*c = 5*l + 40. Give w(l).
-2
Let n(r) = -r - 37. Let g(o) = 6*o**3 - 8*o**2 + 15*o + 8. Let a(p) = 5*p**3 - 7*p**2 + 13*p + 7. Let x(j) = 7*a(j) - 6*g(j). Let z be x(1). Determine n(z).
-37
Let w(k) = -k**2 - k + 15. Let n(d) be the second derivative of -5/12*d**4 - 5/6*d**3 + 0 + 38*d**2 + 17*d. Let q(s) = 2*n(s) - 11*w(s). What is q(0)?
-13
Let y(o) = 41*o - 1 - 40*o - 2*o. Suppose 4*b - 13 = 5*a - 2, 2*a = -4*b - 10. Let r = b - 1. Determine y(r).
1
Le